{"id":109,"date":"2014-10-21T08:25:25","date_gmt":"2014-10-21T06:25:25","guid":{"rendered":"http:\/\/www.gmds-ag-sie.de\/?page_id=109"},"modified":"2019-04-24T11:34:11","modified_gmt":"2019-04-24T09:34:11","slug":"sitzungen","status":"publish","type":"page","link":"https:\/\/www.gmds-ag-sie.de\/?page_id=109","title":{"rendered":"Sitzungen"},"content":{"rendered":"<h2>Anstehende Sitzungen<\/h2>\n<p>Das n\u00e4chste Treffen wir im Rahmen des Interoperabilit\u00e4tsforums am 27.\/28. Juni 2019 in Heidelberg stattfinden.<\/p>\n<h2>Vergangene Sitzungen<\/h2>\n<ul>\n<li>8.Juni 2015, K\u00f6ln\n<ul>\n<li>TN: Kai Heitmann, Christof Ge\u00dfner, Sylvia Thun, Frank Oemig<\/li>\n<li>Vorbereitung Wahl im September: Sylvia Thun w\u00fcrde die Leitung gerne \u00fcbernehmen mit Christof Ge\u00dfner und Frank Oemig als Stellvertreter<\/li>\n<li>Gewinnung aktiver Mitglieder \u00fcber Hochschulen<\/li>\n<li>Todo: Auflistung von Standardisierungprojekten<\/li>\n<li>Thesenpapier als Ergebnis des Workshops im April: Christof bereitet ersten Draft vor<\/li>\n<\/ul>\n<\/li>\n<li>16. M\u00e4rz 2015, Berlin\n<ul>\n<li>Vorbereitung Workshop im April<\/li>\n<\/ul>\n<\/li>\n<li>18.Dezember 2014, K\u00f6ln<\/li>\n<li><strong>17. Oktober 2012<\/strong>, Braunschweig (<a href=\"http:\/\/www.gmds-ag-sie.de\/wp-content\/uploads\/2014\/10\/Protokoll-der-Mitgliederversammlung-der-GMDS-AG-SIE-am-17.10.2012-anl\u00e4sslich-der-GMDS-Jahrestagung-2012.pdf\">Protokoll<\/a>):\n<ul>\n<li>Information \u00fcber internationale neue Standards und Standardisierungsprojekte zu Interoperabilit\u00e4t im Kontext elektronischer Gesundheitsakten<\/li>\n<li>Struktur der Standardisierung und Mitwirkungsm\u00f6glichkeiten<\/li>\n<li>HL7 Jahrestagung 2012 in G\u00f6ttingen<\/li>\n<li>Die Arbeit des Joint Interoperability Council (JIC)<\/li>\n<li>eHealth Interoperability Forum: Vorstellung und Diskussion von Kooperationsmodellen<\/li>\n<li>Wahl des Vorsands der AG SIE<\/li>\n<\/ul>\n<\/li>\n<li>Die Sitzung der GMDS AG \u201eStandards f\u00fcr Interoperabilit\u00e4t und elektronische Gesundheitsakten (SIE)\u201c fand am <strong>9. September 2010<\/strong> von 14:00 \u2013 15:30 Uhr statt:\n<ul>\n<li>Information \u00fcber internationale neue Standards und Standardisierungsprojekte zu Interoperabilit\u00e4t im Kontext elektronischer Gesundheitsakten<\/li>\n<li>Struktur der Standardisierung und Mitwirkungsm\u00f6glichkeiten<\/li>\n<li>HL7 Jahrestagung 2010 in Berlin<\/li>\n<li>Die Arbeit des Joint Interoperability Council (JIC)<\/li>\n<li>eHealth Interoperability Forum: Vorstellung und Diskussion von Kooperationsmodellen<\/li>\n<li>Formale Aufl\u00f6sung der Projektgruppe \u201copenEHR \u2013 Archetypen als Basis f\u00fcr semantisch interoperable elektronische Gesundheitsakten\u201d gem\u00e4\u00df Beschluss der AG auf der GMDS-Jahrestagung 2009 in Essen<\/li>\n<\/ul>\n<\/li>\n<li>\u00a0Die Beratung unserer Arbeitsgruppe \u201cStandards f\u00fcr Interoperabilit\u00e4t und elektronische Gesundheitsakten\u201d fand \u2013 gemeinsam mit der 37. Beratung des GDD-AK \u201cDatenschutz und Datensicherheit im Gesundheits- und Sozialwesen\u201d und der 24. Sitzung der GMDS-AG \u201cDatenschutz in Gesundheitsinformationssystemen\u201d \u2013 am Donnerstag, dem <strong>6. Dezember 2007<\/strong>, in Regensburg im Anschluss an die <a href=\"http:\/\/www.cehr.de\/\" target=\"_blank\" rel=\"noopener\">CeHR 2007<\/a> statt. <a title=\"Protokoll 6.12.07\" href=\"http:\/\/www.gmds-ag-sie.de\/wp-content\/uploads\/2014\/10\/pr0712061.pdf\">Download des Protokolls<\/a><\/li>\n<li>Die vorletzte Zusammenkunft der AG \u201cStandards f\u00fcr Kommunikation und Interoperabilit\u00e4t\u201d fand am 18. September 2003 im Rahmen der Jahrestagung der GMDS in M\u00fcnster statt.<\/li>\n<li>Am Montag, dem <strong>28. Oktober 2002<\/strong>, fand die Sitzung der GMDS AG SKI als gemeinsame Sitzung mit der Arbeitsgruppe \u201cTechnische Kommunikation\u201d des VHitG von 10 bis 17 Uhr in den R\u00e4umen der <strong>Fresenius Netcare GmbH, Teltowkanalstr. 2, 12247 Berlin <\/strong>statt.<br \/>\nTagesordnung:<\/p>\n<ul>\n<li>SCIPHOX, Mitarbeit an SCIPHOX (Aufruf von Herr Str\u00fcter, MEDOS)<\/li>\n<li>GMDS-Thesenpapier zur telematischen Vernetzung<\/li>\n<li>GMDS Empfehlungen zu Netzdiensten<\/li>\n<li>GMDS AG mwmKIS-Rahmenkonzept: Erweiterungsbedarf zur Sicherheitsinfrastruktur<\/li>\n<li>Krefelder Memorandum, Verabschiedung der Stellungnahme der AG<\/li>\n<li>Verabschiedung des Selbstverst\u00e4ndnisses der AG<\/li>\n<li>\u00c4nderungen zum \u00a7301<\/li>\n<li>Verh\u00e4ltnis\/Abgrenzung zum Arbeitskreis Krankenhausstatistik\/AG Statistik<\/li>\n<li>Projekt- und Angebots\u00fcbersicht zur einrichtungs\u00fcbergreifende Kommunikation<\/li>\n<li>Verschiedenes<\/li>\n<\/ul>\n<\/li>\n<\/ul>\n<ul>\n<li>Protokoll der gemeinsamen Sitzung der GMDS AG SKI und der Arbeitsgruppe \u201cTechnische Kommunikation\u201d des VHitG in den R\u00e4umen der Fresenius Netcare GmbH, Teltowkanalstr. 2, Berlin am <strong>25. M\u00e4rz 2002<\/strong><\/li>\n<li>Protokoll der 4. Sitzung vom <strong>03. Juli 2001<\/strong> in Magdeburg<\/li>\n<li>Protokoll der 3. Sitzung (GEHR-Workshop) vom <strong>23. Februar 2001<\/strong> in G\u00f6ttingen<\/li>\n<li>Protokoll der 2. Sitzung vom <strong>29. November 2000<\/strong> in Magdeburg<\/li>\n<li>Protokoll der 1. Sitzung vom <strong>29. Juni 2000<\/strong> in Magdeburg<\/li>\n<li>Protokoll der konstituierenden Sitzung vom <strong>20. Januar 2000<\/strong> in Magdeburg<\/li>\n<\/ul>\n","protected":false},"excerpt":{"rendered":"<p>Anstehende Sitzungen Das n\u00e4chste Treffen wir im Rahmen des Interoperabilit\u00e4tsforums am 27.\/28. Juni 2019 in Heidelberg stattfinden. Vergangene Sitzungen 8.Juni 2015, K\u00f6ln TN: Kai Heitmann, Christof Ge\u00dfner, Sylvia Thun, Frank Oemig Vorbereitung Wahl im September: Sylvia Thun w\u00fcrde die Leitung gerne \u00fcbernehmen mit Christof Ge\u00dfner und Frank Oemig als Stellvertreter Gewinnung aktiver Mitglieder \u00fcber Hochschulen [&hellip;]<\/p>\n","protected":false},"author":2,"featured_media":0,"parent":0,"menu_order":0,"comment_status":"open","ping_status":"open","template":"","meta":{"footnotes":""},"_links":{"self":[{"href":"https:\/\/www.gmds-ag-sie.de\/index.php?rest_route=\/wp\/v2\/pages\/109"}],"collection":[{"href":"https:\/\/www.gmds-ag-sie.de\/index.php?rest_route=\/wp\/v2\/pages"}],"about":[{"href":"https:\/\/www.gmds-ag-sie.de\/index.php?rest_route=\/wp\/v2\/types\/page"}],"author":[{"embeddable":true,"href":"https:\/\/www.gmds-ag-sie.de\/index.php?rest_route=\/wp\/v2\/users\/2"}],"replies":[{"embeddable":true,"href":"https:\/\/www.gmds-ag-sie.de\/index.php?rest_route=%2Fwp%2Fv2%2Fcomments&post=109"}],"version-history":[{"count":13,"href":"https:\/\/www.gmds-ag-sie.de\/index.php?rest_route=\/wp\/v2\/pages\/109\/revisions"}],"predecessor-version":[{"id":266,"href":"https:\/\/www.gmds-ag-sie.de\/index.php?rest_route=\/wp\/v2\/pages\/109\/revisions\/266"}],"wp:attachment":[{"href":"https:\/\/www.gmds-ag-sie.de\/index.php?rest_route=%2Fwp%2Fv2%2Fmedia&parent=109"}],"curies":[{"name":"wp","href":"https:\/\/api.w.org\/{rel}","templated":true}]}}